1018?
1
What is the units digit of 930?
0
What is the units digit of 21375?
5
What is the units digit of 111?
1
What is the tens digit of 105112?
1
What is the thousands digit of 1172?
1
What is the hundreds digit of 662?
6
What is the hundreds digit of 36683?
6
What is the ten thousands digit of 62687?
6
What is the hundreds digit of 239?
2
What is the tens digit of 1234?
3
What is the hundreds digit of 1075?
0
What is the units digit of 25161?
1
What is the units digit of 3088?
8
What is the thousands digit of 2343?
2
What is the tens digit of 12621?
2
What is the units digit of 120472?
2
What is the thousands digit of 1844?
1
What is the tens digit of 959?
5
What is the hundreds digit of 321?
3
What is the thousands digit of 49761?
9
What is the tens digit of 2633?
3
What is the units digit of 95271?
1
What is the thousands digit of 1230?
1
What is the units digit of 75316?
6
What is the hundreds digit of 977?
9
What is the thousands digit of 58067?
8
What is the hundred thousands digit of 160435?
1
What is the hundreds digit of 2124?
1
What is the thousands digit of 1107?
1
What is the units digit of 13923?
3
What is the ten thousands digit of 84412?
8
What is the tens digit of 3753?
5
What is the thousands digit of 51908?
1
What is the tens digit of 45432?
3
What is the thousands digit of 27067?
7
What is the hundreds digit of 82533?
5
What is the hundreds digit of 112652?
6
What is the thousands digit of 19852?
9
What is the ten thousands digit of 77926?
7
What is the hundred thousands digit of 111498?
1
What is the thousands digit of 1930?
1
What is the tens digit of 43629?
2
What is the tens digit of 23?
2
What is the tens digit of 91661?
6
What is the tens digit of 878?
7
What is the units digit of 735?
5
What is the thousands digit of 1009?
1
What is the thousands digit of 7961?
7
What is the units digit of 2055?
5
What is the thousands digit of 55385?
5
What is the hundreds digit of 5324?
3
What is the units digit of 153?
3
What is the tens digit of 1898?
9
What is the units digit of 133?
3
What is the units digit of 34207?
7
What is the units digit of 23193?
3
What is the tens digit of 6929?
2
What is the units digit of 13441?
1
What is the tens digit of 1203?
0
What is the hundreds digit of 3757?
7
What is the units digit of 11345?
5
What is the ten thousands digit of 33455?
3
What is the thousands digit of 55479?
5
What is the units digit of 915?
5
What is the units digit of 5181?
1
What is the hundreds digit of 131683?
6
What is the hundreds digit of 119933?
9
What is the tens digit of 21404?
0
What is the thousands digit of 23224?
3
What is the tens digit of 43178?
7
What is the units digit of 1101?
1
What is the tens digit of 1213?
1
What is the hundreds digit of 49631?
6
What is the units digit of 5781?
1
What is the units digit of 5322?
2
What is the thousands digit of 55742?
5
What is the units digit of 3244?
4
What is the units digit of 2941?
1
What is the thousands digit of 157658?
7
What is the hundreds digit of 23352?
3
What is the thousands digit of 1083?
1
What is the units digit of 32247?
7
What is the ten thousands digit of 15259?
1
What is the tens digit of 34?
3
What is the units digit of 883?
3
What is the thousands digit of 6206?
6
What is the units digit of 24217?
7
What is the units digit of 18576?
6
What is the tens digit of 604?
0
What is the units digit of 9589?
9
What is the units digit of 1322?
2
What is the tens digit of 19605?
0
What is the hundred thousands digit of 126833?
1
What is the hundreds digit of 1545?
5
What is the units digit of 1171?
1
What is the hundreds digit of 3437?
4
What is the tens digit of 12115?
1
What is the tens digit of 112903?
0
What is the hundreds digit of 754?
7
What is the units digit of 2380?
0
What is the tens digit of 689?
8
What is the units digit of 4220?
0
What is the units digit of 16?
6
What is the hundreds digit of 59563?
5
What is the tens digit of 95813?
1
What is the thousands digit of 3062?
3
What is the tens digit of 530?
3
What is the thousands digit of 9110?
9
What is the units digit of 1534?
4
What is the thousands digit of 3181?
3
What is the hundreds digit of 281?
2
What is the units digit of 61399?
9
What is the units digit of 1335?
5
What is the units digit of 9975?
5
What is the ten thousands digit of 82799?
8
What is the hundreds digit of 3387?
3
What is the units digit of 645?
5
What is the tens digit of 393?
9
What is the thousands digit of 8125?
8
What is the units digit of 5193?
3
What is the tens digit of 2468?
6
What is the tens digit of 6742?
4
What is the units digit of 17235?
5
What is the tens digit of 3155?
5
What is the units digit of 634?
4
What is the thousands digit of 2457?
2
What is the hundreds digit of 8801?
8
What is the ten thousands digit of 19103?
1
What is the tens digit of 5160?
6
What is the thousands digit of 1809?
1
What is the tens digit of 10121?
2
What is the thousands digit of 3332?
3
What is the units digit of 161?
1
What is the tens digit of 72265?
6
What is the units digit of 39?
9
What is the hundreds digit of 14858?
8
What is the thousands digit of 4916?
4
What is the tens digit of 654?
5
What is the units digit of 849?
9
What is the tens digit of 2732?
3
What is the tens digit of 1075?
7
What is the units digit of 22764?
4
What is the ten thousands digit of 16939?
1
What is the hundreds digit of 11648?
6
What is the units digit of 2514?
4
What is the units digit of 69309?
9
What is the hundreds digit of 3430?
4
What is the units digit of 80303?
3
What is the thousands digit of 54738?
4
What is the thousands digit of 63238?
3
What is the hundreds digit of 2419?
4
What is the units digit of 27351?
1
What is the hundreds digit of 987?
9
What is the thousands digit of 1377?
1
What is the tens digit of 5133?
3
What is the thousands digit of 4480?
4
What is the tens digit of 11200?
0
What is the hundreds digit of 5799?
7
What is the tens digit of 1339?
3
What is the tens digit of 17331?
3
What is the units digit of 44673?
3
What is the units digit of 888?
8
What is the ten thousands digit of 42042?
4
What is the units digit of 29076?
6
What is the units digit of 3083?
3
What is the tens digit of 18104?
0
What is the tens digit of 7138?
3
What is the tens digit of 33665?
6
What is the thousands digit of 75454?
5
What is the tens digit of 9439?
3
What is the units digit of 641?
1
What is the units digit of 1105?
5
What is the units digit of 8345?
5
What is the thousands digit of 5274?
5
What is the tens digit of 7382?
8
What is the tens digit of 16010?
1
What is the hundreds digit of 136363?
3
What is the hundreds digit of 64496?
4
What is the hundreds digit of 5414?
4
What is the units digit of 6507?
7
What is the thousands digit of 5799?
5
What is the units digit of 71551?
1
What is the ten thousands digit of 12174?
1
What is the thousands digit of 23227?
3
What is the hundreds digit of 12448?
4
What is the hundreds digit of 2451?
4
What is the hundreds digit of 2281?
2
What is the thousands digit of 2376?
2
What is the units digit of 623?
3
What is the hundreds digit of 3884?
8
What is the units digit of 8520?
0
What is the thousands digit of 65418?
5
What is the units digit of 46803?
3
What is the units digit of 16?
6
What is the units digit of 1042?
2
What is the tens digit of 6490?
9
What is the units digit of 1355?
5
What is the tens digit of 5578?
7
What is the tens digit of 1149?
4
What is the tens digit of 10224?
2
What is the hundreds digit of 6816?
8
What is the hundreds digit of 6906?
9
What is the tens digit of 3832?
3
What is the tens digit of 723?
2
What is the units digit of 9408?
8
What is the units digit of 399?
9
What is the hundreds digit of 49994?
9
What is the hundreds digit of 1246?
2
What is the ten thousands digit of 27896?
2
What is the ten thousands digit of 10428?
1
What is the units digit of 2545?
5
What is the thousands digit of 148469?
8
What is the thousands digit of 9953?
9
What is the hundreds digit of 7303?
3
What is the thousands digit of 18506?
8
What is the tens digit of 92749?
4
What is the hundreds digit of 60773?
7
What is the units digit of 957?
7
What is the tens digit of 1428?
2
What is the units digit of 6283?
3
What is the tens digit of 16181?
8
What is the units digit 